of 235725 and 2100.
525
Calculate the greatest common factor of 734 and 2744426.
734
Calculate the highest common factor of 443888 and 16.
16
Calculate the greatest common divisor of 624 and 12948.
156
Calculate the greatest common divisor of 3 and 345854.
1
What is the greatest common factor of 9916 and 33004?
148
Calculate the highest common divisor of 143 and 29227.
11
What is the greatest common factor of 112098 and 102?
102
What is the highest common divisor of 95 and 3895?
95
Calculate the greatest common divisor of 8619 and 119.
17
What is the highest common divisor of 357 and 1405662?
51
What is the greatest common divisor of 2520 and 10870?
10
Calculate the greatest common factor of 17 and 37441276.
17
Calculate the highest common divisor of 3818 and 14.
2
What is the greatest common factor of 228015 and 405?
405
Calculate the highest common factor of 18 and 102558.
6
Calculate the highest common factor of 17666 and 10043.
121
Calculate the greatest common factor of 18 and 138834.
18
What is the greatest common divisor of 142996 and 21?
7
Calculate the highest common divisor of 873 and 36957.
291
Calculate the greatest common factor of 16 and 11404.
4
What is the greatest common factor of 256428 and 340?
68
What is the highest common divisor of 93757 and 4505?
53
What is the greatest common factor of 551 and 203?
29
What is the highest common factor of 672 and 3710112?
672
Calculate the highest common divisor of 8897 and 1519.
217
Calculate the greatest common divisor of 85838 and 167.
167
Calculate the greatest common divisor of 160 and 25568.
32
What is the greatest common divisor of 1352 and 17333992?
1352
Calculate the highest common factor of 506 and 136873.
253
Calculate the highest common divisor of 5569636 and 1492.
1492
Calculate the highest common factor of 11 and 9883687.
11
What is the highest common divisor of 13735440 and 120?
120
Calculate the greatest common factor of 55737 and 594.
99
Calculate the highest common divisor of 7896 and 189.
21
Calculate the highest common divisor of 713920 and 1104.
368
Calculate the greatest common divisor of 1162 and 1806910.
1162
Calculate the greatest common divisor of 10944 and 71232.
192
What is the highest common divisor of 520 and 33880?
40
What is the highest common factor of 14446 and 57318?
466
What is the highest common factor of 8 and 551920?
8
Calculate the highest common factor of 7872 and 1636.
4
What is the highest common factor of 4284 and 1148?
28
What is the highest common factor of 5338 and 6698?
34
What is the greatest common factor of 4104 and 114456?
456
What is the greatest common factor of 5792 and 2048?
32
What is the greatest common factor of 99462 and 39204?
726
What is the highest common divisor of 5 and 4149?
1
Calculate the highest common divisor of 5166 and 119966.
574
Calculate the highest common factor of 43471 and 609.
29
Calculate the greatest common divisor of 30233 and 1568.
49
Calculate the greatest common divisor of 45162 and 102483.
1737
Calculate the greatest common factor of 2456 and 1961116.
1228
What is the highest common factor of 168 and 35904?
24
Calculate the highest common factor of 2250 and 1440.
90
Calculate the greatest common factor of 1344 and 361872.
336
What is the highest common divisor of 116322 and 6?
6
What is the highest common factor of 163137 and 2301?
39
What is the highest common divisor of 16728 and 10209?
123
Calculate the highest common divisor of 932812 and 1708.
244
What is the highest common divisor of 585 and 8100?
45
What is the greatest common divisor of 3750120 and 80?
40
What is the greatest common divisor of 59388 and 1344?
84
Calculate the highest common factor of 76905 and 45.
45
Calculate the greatest common factor of 1215 and 3855.
15
Calculate the highest common factor of 48 and 5862.
6
Calculate the highest common factor of 308722 and 1304.
326
Calculate the highest common divisor of 417 and 3152937.
417
What is the highest common divisor of 486 and 422658?
162
Calculate the highest common factor of 29318130 and 2115.
2115
What is the greatest common divisor of 22 and 66319?
11
What is the greatest common factor of 3152 and 6420?
4
What is the greatest common factor of 2028 and 226460?
676
Calculate the greatest common divisor of 7026984 and 306.
306
What is the highest common factor of 2385 and 600755?
265
What is the greatest common factor of 568398 and 366?
366
Calculate the highest common factor of 531386 and 238.
34
Calculate the greatest common factor of 1656178 and 194.
194
What is the greatest common factor of 169135 and 5?
5
Calculate the greatest common factor of 10455949 and 427.
427
Calculate the highest common divisor of 23477 and 68.
17
Calculate the highest common factor of 692154 and 144.
18
Calculate the highest common divisor of 391 and 493.
17
What is the highest common divisor of 570 and 4870?
10
What is the greatest common factor of 21338 and 4540?
454
Calculate the greatest common divisor of 556628 and 407.
37
Calculate the highest common factor of 1938080 and 160.
160
What is the highest common divisor of 2682 and 358792?
298
Calculate the greatest common divisor of 95 and 405.
5
Calculate the highest common factor of 28578 and 528.
66
What is the greatest common factor of 124348 and 126?
14
Calculate the greatest common factor of 2941 and 19006.
17
What is the highest common factor of 703215 and 405?
135
What is the highest common factor of 3108 and 10668?
84
What is the highest common divisor of 240 and 2320?
80
What is the highest common factor of 161560 and 168?
56
What is the highest common divisor of 612 and 1778778?
306
Calculate the greatest common factor of 29903 and 142479.
1759
Calculate the greatest common factor of 200 and 2287900.
100
What is the greatest common divisor of 1335 and 6495?
15
What is the highest common factor of 21 and 6999951?
21
Calculate the highest common divisor of 692 and 30794.
346
Calculate the greatest common divisor of 1924 and 26.
26
What is the greatest common factor of 121641 and 117?
39
Calculate the greatest common factor of 583 and 121847.
583
Calculate the greatest common factor of 951348 and 60.
12
Calculate the highest common divisor of 3 and 2718.
3
Calculate the highest common divisor of 292 and 212.
4
What is the greatest common divisor of 7488 and 7344?
144
Calculate the highest common divisor of 14005 and 55.
5
What is the highest common divisor of 15196061 and 227?
227
What is the greatest common factor of 66 and 198572?
22
Calculate the highest common divisor of 1842 and 203234.
614
What is the greatest common divisor of 2943 and 336483?
981
What is the greatest common divisor of 47916 and 161656?
484
Calculate the greatest common divisor of 218460 and 4620.
660
Calculate the greatest common factor of 12937 and 119.
17
Calculate the greatest common factor of 8649 and 225.
9
Calculate the highest common factor of 42560 and 5776.
304
What is the highest common factor of 5630 and 1130?
10
What is the highest common factor of 777 and 555?
111
Calculate the greatest common divisor of 123918 and 57.
57
Calculate the highest common factor of 106260 and 10560.
660
What is the highest common divisor of 4613 and 203?
7
What is the highest common factor of 2706 and 492?
246
Calculate the greatest common divisor of 193952 and 152.
152
What is the greatest common factor of 624 and 1084044?
156
Calculate the highest common divisor of 12 and 23412.
12
Calculate the highest common divisor of 4006 and 3.
1
What is the greatest common factor of 188 and 51418?
94
What is the greatest common divisor of 16071 and 77?
11
Calculate the highest common factor of 6794 and 23226.
158
What is the highest common factor of 231 and 1001?
77
What is the highest common factor of 63 and 11403?
63
What is the greatest common factor of 132 and 9933?
33
What is the greatest common factor of 6400 and 26575?
25
Calculate the greatest common factor of 2625 and 6705.
15
What is the greatest common factor of 1614720 and 192?
192
What is the greatest common factor of 490 and 14412370?
490
What is the highest common factor of 59 and 4314139?
59
What is the highest common factor of 2350860 and 36?
12
Calculate the greatest common factor of 377 and 15631.
29
What is t